182 is divided by 78?
76
Calculate the remainder when 2229 is divided by 77.
73
What is the remainder when 719 is divided by 38?
35
What is the remainder when 1289 is divided by 24?
17
What is the remainder when 3805 is divided by 47?
45
What is the remainder when 608 is divided by 34?
30
Calculate the remainder when 255 is divided by 82.
9
Calculate the remainder when 215 is divided by 104.
7
Calculate the remainder when 422 is divided by 47.
46
What is the remainder when 156 is divided by 47?
15
Calculate the remainder when 1465 is divided by 183.
1
What is the remainder when 263 is divided by 19?
16
What is the remainder when 108 is divided by 56?
52
Calculate the remainder when 446 is divided by 117.
95
Calculate the remainder when 27 is divided by 10.
7
Calculate the remainder when 1153 is divided by 105.
103
What is the remainder when 95 is divided by 12?
11
Calculate the remainder when 1139 is divided by 7.
5
Calculate the remainder when 1411 is divided by 458.
37
Calculate the remainder when 440 is divided by 63.
62
Calculate the remainder when 3595 is divided by 72.
67
Calculate the remainder when 600 is divided by 71.
32
Calculate the remainder when 318 is divided by 23.
19
What is the remainder when 685 is divided by 29?
18
What is the remainder when 564 is divided by 57?
51
Calculate the remainder when 251 is divided by 72.
35
What is the remainder when 242 is divided by 21?
11
Calculate the remainder when 38 is divided by 5.
3
What is the remainder when 112 is divided by 3?
1
Calculate the remainder when 2187 is divided by 37.
4
What is the remainder when 237 is divided by 120?
117
What is the remainder when 156 is divided by 4?
0
Calculate the remainder when 49 is divided by 6.
1
Calculate the remainder when 1475 is divided by 211.
209
What is the remainder when 490 is divided by 84?
70
Calculate the remainder when 919 is divided by 77.
72
What is the remainder when 1979 is divided by 60?
59
What is the remainder when 1333 is divided by 14?
3
What is the remainder when 586 is divided by 290?
6
Calculate the remainder when 129 is divided by 59.
11
Calculate the remainder when 251 is divided by 91.
69
What is the remainder when 1199 is divided by 80?
79
What is the remainder when 1075 is divided by 152?
11
Calculate the remainder when 70 is divided by 20.
10
Calculate the remainder when 850 is divided by 28.
10
What is the remainder when 1469 is divided by 8?
5
Calculate the remainder when 5888 is divided by 13.
12
Calculate the remainder when 324 is divided by 22.
16
What is the remainder when 188 is divided by 67?
54
Calculate the remainder when 5829 is divided by 6.
3
What is the remainder when 253 is divided by 53?
41
What is the remainder when 168 is divided by 13?
12
What is the remainder when 320 is divided by 79?
4
Calculate the remainder when 497 is divided by 22.
13
Calculate the remainder when 408 is divided by 10.
8
What is the remainder when 205 is divided by 21?
16
Calculate the remainder when 130 is divided by 18.
4
What is the remainder when 13341 is divided by 12?
9
Calculate the remainder when 138 is divided by 72.
66
What is the remainder when 423 is divided by 97?
35
Calculate the remainder when 95 is divided by 19.
0
What is the remainder when 7250 is divided by 14?
12
Calculate the remainder when 1054 is divided by 12.
10
What is the remainder when 1539 is divided by 768?
3
What is the remainder when 147 is divided by 46?
9
What is the remainder when 449 is divided by 44?
9
What is the remainder when 85 is divided by 15?
10
Calculate the remainder when 807 is divided by 15.
12
Calculate the remainder when 1385 is divided by 14.
13
What is the remainder when 4248 is divided by 13?
10
Calculate the remainder when 190 is divided by 16.
14
What is the remainder when 1344 is divided by 90?
84
Calculate the remainder when 167 is divided by 25.
17
Calculate the remainder when 462 is divided by 100.
62
Calculate the remainder when 130 is divided by 40.
10
What is the remainder when 169 is divided by 87?
82
What is the remainder when 82 is divided by 2?
0
What is the remainder when 14764 is divided by 9?
4
What is the remainder when 109 is divided by 29?
22
What is the remainder when 53 is divided by 4?
1
What is the remainder when 118 is divided by 51?
16
What is the remainder when 1135 is divided by 389?
357
Calculate the remainder when 836 is divided by 833.
3
What is the remainder when 117 is divided by 35?
12
What is the remainder when 314 is divided by 20?
14
What is the remainder when 172 is divided by 96?
76
Calculate the remainder when 221 is divided by 74.
73
What is the remainder when 618 is divided by 310?
308
What is the remainder when 8186 is divided by 4087?
12
What is the remainder when 46 is divided by 12?
10
Calculate the remainder when 400 is divided by 110.
70
Calculate the remainder when 4743 is divided by 65.
63
What is the remainder when 1101 is divided by 48?
45
Calculate the remainder when 4861 is divided by 38.
35
What is the remainder when 417 is divided by 188?
41
Calculate the remainder when 29081 is divided by 22.
19
Calculate the remainder when 103 is divided by 53.
50
Calculate the remainder when 384 is divided by 35.
34
Calculate the remainder when 4109 is divided by 17.
12
What is the remainder when 90 is divided by 8?
2
What is the remainder when 5289 is divided by 45?
24
Calculate the remainder when 14731 is divided by 53.
50
Calculate the remainder when 772 is divided by 30.
22
What is the remainder when 159 is divided by 82?
77
What is the remainder when 13 is divided by 11?
2
What is the remainder when 304 is divided by 94?
22
Calculate the remainder when 329 is divided by 168.
161
Calculate the remainder when 929 is divided by 19.
17
What is the remainder when 2275 is divided by 120?
115
Calculate the remainder when 24794 is divided by 95.
94
What is the remainder when 1895 is divided by 175?
145
What is the remainder when 62 is divided by 51?
11
Calculate the remainder when 192 is divided by 86.
20
Calculate the remainder when 835 is divided by 406.
23
Calculate the remainder when 579 is divided by 102.
69
Calculate the remainder when 127 is divided by 4.
3
What is the remainder when 212 is divided by 5?
2
What is the remainder when 201 is divided by 69?
63
Calculate the remainder when 1731 is divided by 196.
163
What is the remainder when 327 is divided by 41?
40
What is the remainder when 505 is divided by 13?
11
What is the remainder when 54 is divided by 15?
9
What is the remainder when 7211 is divided by 195?
191
Calculate the remainder when 495 is divided by 31.
30
Calculate the remainder when 280 is divided by 112.
56
What is the remainder when 350 is divided by 74?
54
Calculate the remainder when 21689 is divided by 116.
113
Calculate the remainder when 2318 is divided by 75.
68
Calculate the remainder when 188 is divided by 168.
20
What is the remainder when 525 is divided by 16?
13
What is the remainder when 14816 is divided by 11?
10
Calculate the remainder when 300 is divided by 26.
14
What is the remainder when 154 is divided by 13?
11
What is the remainder when 660 is divided by 133?
128
What is the remainder when 232 is divided by 22?
12
What is the remainder when 304 is divided by 12?
4
Calculate the remainder when 1449 is divided by 28.
21
Calculate the remainder when 1353 is divided by 193.
2
What is the remainder when 66 is divided by 22?
0
Calculate the remainder when 1659 is divided by 532.
63
What is the remainder when 30 is divided by 17?
13
Calculate the remainder when 201 is divided by 54.
39
Calculate the remainder when 700 is divided by 64.
60
What is the remainder when 124 is divided by 18?
16
Calculate the remainder when 1661 is divided by 1650.
11
Calculate the remainder when 26424 is divided by 35.
34
Calculate the remainder when 175 is divided by 36.
31
What is the remainder when 166 is divided by 36?
22
What is the remainder when 608 is divided by 84?
20
Calculate the remainder when 84 is divided by 60.
24
Calculate the remainder when 2755 is divided by 342.
19
What is the remainder when 99 is divided by 17?
14
What is the remainder when 1101 is divided by 69?
66
Calculate the remainder when 30499 is divided by 244.
243
What is the remainder